0 = l*c. Calculate the highest common divisor of 10 and c.
10
Let y(v) = 54*v + 16. Let q be y(-16). Let o be q/(-24)*(-6)/(-4)*1. What is the highest common divisor of 106 and o?
53
Suppose -f + 5*p - 12 = 13, 0 = -3*p + 15. Suppose 5*w + 4*j - 45 - 107 = f, -5*w + j + 162 = 0. Calculate the highest common divisor of w and 56.
8
Suppose 6*s = s + 50. Let x = 182974 + -181664. Calculate the highest common divisor of s and x.
10
Let d be 13 - (39/3 + -9). What is the greatest common divisor of d and 4869?
9
Let n be 117/36 - (-6)/8. Suppose -592 = -n*d + 4*k, k - 2*k + 311 = 2*d. Suppose d = -4*p + 7*p. What is the highest common divisor of 17 and p?
17
Suppose 4*j = 4*c - 84, -2*j - 2*c - 57 = c. Let z = j + 23. Let l be (-1 + 4)/z - -22. Calculate the highest common factor of 95 and l.
19
Let q be 1/(-1) + 96/(-6). Let j(g) = -g**2 - 20*g - 36. Let s be j(q). Let y(w) = 11*w - 3. Let k be y(3). Calculate the greatest common factor of s and k.
15
Suppose 3*c = -5*s + 4971, -8*c + 4*c + 2976 = 3*s. Calculate the highest common factor of 6 and s.
6
Let k = -528 - -165. Let v = 429 + k. What is the highest common factor of v and 30?
6
Let u(r) = r**2 - 8*r + 3. Let d be u(-9). Let f = -1322 - -1358. Calculate the highest common factor of f and d.
12
Let t(g) = g**2 + 0 + 2*g**2 - 12. Let x be t(-10). Suppose -3*b = -p + b + 36, -108 = -3*p - 3*b. Calculate the greatest common divisor of p and x.
36
Let u = -63 - -66. Suppose u*z - 9 - 19 = -l, 52 = 4*z + 5*l. Suppose 5*k - 4*a = 262, -z*a = -3*a - 10. Calculate the highest common factor of k and 27.
27
Suppose -72*p + 281*p = 1033296. Calculate the highest common factor of p and 48.
48
Suppose -28 = -f + 52. Let h(g) = g**2 - g. Let a be h(1). Let u(b) = -b**2 + 2*b + 10. Let m be u(a). Calculate the highest common factor of f and m.
10
Suppose -6*a + a + 70 = 0. Suppose 21 + 52 = k + 2*y, k = 5*y + 45. Suppose r = 2*w - k, 4*w - 190 = -5*r - 25. Calculate the highest common factor of a and w.
7
Let d = -14405 + 15026. What is the greatest common factor of 552 and d?
69
Suppose 0 = 2*z + l - 635, -77 = -5*l - 102. Calculate the highest common factor of 180 and z.
20
Let a(n) = 19*n - 9 - 9*n - 9*n. Let c be a(6). Let f be c + 2 - 81/(-1). Calculate the greatest common factor of f and 20.
20
Suppose 0 = -142*h + 132*h + 360. Let c(o) = o**3 + 14*o**2 - 3*o + 12. Let m be c(-14). What is the highest common factor of h and m?
18
Let t = 401 + -405. Let n be (t/10)/(-2 + 5196/2600). What is the greatest common factor of 40 and n?
20
Let l = -21 + 25. Let o be (-6)/5*(-110)/l. Let i be (-6)/o - 2920/(-88). Calculate the highest common divisor of i and 3.
3
Let t = -392 + 2501. Calculate the highest common divisor of 222 and t.
111
Let z = -3436 + 3483. Calculate the highest common divisor of z and 3.
1
Let q be (3/(-4))/((-3)/72). Suppose 91*s - 6498 = -270*s. Calculate the greatest common divisor of q and s.
18
Let g = -3990 + 4014. What is the highest common divisor of 48 and g?
24
Let s = -3849 - -4239. Calculate the greatest common divisor of s and 3250.
130
Let h be (9/(-3))/(6/(-14)). Let c be -14*(0 - (-6)/(-4)). Calculate the highest common divisor of c and h.
7
Suppose -256 = -i + 2*z - 3*z, -5*i + 1282 = 4*z. What is the greatest common factor of i and 688?
86
Suppose -114 = 4*v - 23*v. Let o be (10 + -11)/(v/(-2400)). What is the highest common factor of o and 16?
16
Let z be (-174 - 1) + (-3)/(1/1). Let r = z - -180. Calculate the highest common divisor of r and 3.
1
Let a be (11 + 1330/(-14))*(-4)/(-18)*-3. What is the greatest common factor of 6090 and a?
14
Let i(m) be the second derivative of 6*m**2 - 5/6*m**3 + 0 + 21*m + 5/12*m**4. Let a be i(4). Calculate the highest common divisor of 8 and a.
8
Suppose 14*v = -19450 + 123156 + 60710. Calculate the highest common divisor of 32 and v.
32
Let g = 5325 + -4909. What is the greatest common factor of g and 26?
26
Suppose 113*k = 118*k - 4*c - 1040, -1010 = -5*k - 2*c. Let f be 21 + -5 + 12/9*-3. Calculate the greatest common factor of f and k.
12
Let p be (-1175 - 1)*5*(-2)/5. Suppose 10*g = -6*g + p. What is the greatest common factor of g and 49?
49
Suppose 2*j - t - 31 = 0, j = 5*t + 133 - 113. What is the greatest common factor of j and 9090?
15
Let s(x) = 5*x**3 + 16*x**2 + 2*x - 10. Let z be s(-5). Let a = 506 + z. What is the highest common factor of a and 9?
9
Let y = -86 + 97. Suppose 5*h - q = 70, -q = -4*h + 67 - y. What is the greatest common divisor of h and 182?
14
Suppose -21372*u + 21379*u - 11473 = 0. Calculate the greatest common divisor of 298 and u.
149
Suppose -4*t = -25*t + 23615 - 4946. Calculate the greatest common factor of t and 3429.
127
Let g be (26 - 13)/(3 + -2). Suppose -v - 2*v - 609 = 0. Let c = v + 307. Calculate the greatest common divisor of g and c.
13
Suppose -10*a + 4*t + 96 = -100, -2*t = 3*a - 46. Calculate the highest common divisor of 2034 and a.
18
Let l(a) = 9*a + 57 - 2*a - 66 - 10*a + 6*a. Suppose 3*g - 3*m = 6, -g - 4*m = -2*g - 7. Let p be l(g). Calculate the highest common factor of 18 and p.
6
Let b be 37 - 3*(-3)/(-9). Let a = -268 + 256. Let p be a/(-6) + 5 - -173. Calculate the highest common divisor of p and b.
36
Let u(q) = 240*q + 3015. Let w be u(-12). Suppose 1 = -f - 3*p + 22, -2*f - 3*p = -48. Calculate the greatest common divisor of w and f.
27
Let o(f) = -26*f**2 + f. Let n be o(-1). Let h = n - -51. Suppose -26285999 = -45*p - 26277359. What is the highest common divisor of h and p?
24
Suppose 7*d + 128 = 15*d. Suppose 0 = d*r - 82 - 94. What is the highest common factor of 88 and r?
11
Let g be (-2)/(-11) + 0 - (-876)/22. Suppose -38*j = -g*j - 32. Let t be (-222)/j + 14/112. What is the greatest common divisor of t and 42?
14
Let l be (-2)/((52/(-13))/12). What is the highest common divisor of 1194 and l?
6
Let x be (1/2)/((-1)/(-46)). Suppose -4*k + 4*o + 646 = -510, -4*k = -5*o - 1146. What is the highest common factor of k and x?
23
Let w(q) = q**3 - 3*q**2 - 69*q + 180. Let b be w(10). What is the highest common factor of 270 and b?
10
Suppose 4*z = 3*b + 12, -1 = -z - 3*b - 13. Suppose z = -6*x - 0*x + 174. Suppose x*j - 36 = 23*j. What is the greatest common divisor of j and 54?
6
Suppose 373*x = 333*x + 1520. What is the greatest common factor of 703 and x?
19
Let j be (-14682)/(-10) + 0 + 8/10. Calculate the greatest common factor of j and 26.
13
Let t be 2*57/3 + 0. Suppose 3*v - 5*z + 25 = 6*v, -5*v = 5*z - 35. Suppose v*d - 260 = 215. Calculate the highest common divisor of d and t.
19
Let i = 2020 - 1604. What is the greatest common factor of 2 and i?
2
Suppose 4916*w - 4903*w - 96564 = 0. What is the highest common factor of 24 and w?
12
Suppose 0 = 15*i - 12*i - 432. Let w = 302 - i. Suppose 7*h - w = -39. Calculate the highest common factor of 51 and h.
17
Suppose 0 = -4*f - 176 - 732. Suppose -41*k - d + 737 = -39*k, -4*k + 5*d = -1509. Let j = k + f. What is the highest common divisor of 16 and j?
16
Let x(o) = o + 497. Let a be x(9). What is the greatest common divisor of 110 and a?
22
Suppose 0 = -9*h + 4*h - x - 32, h - 5*x = -22. Let y(i) = 8*i**2 + 54*i + 1. Let j be y(h). Calculate the highest common divisor of j and 24.
3
Let b = -8 - -17. Let a(l) = 5*l**2 - 180*l - 558. Let v be a(-3). What is the greatest common divisor of v and b?
9
Let h(t) be the third derivative of t**4/12 - 4*t**3/3 + 8*t**2. Let z be h(4). Let i be -1*(-16 + -2) + z. Calculate the greatest common factor of i and 126.
18
Let c = -8 - -14. Suppose -2*n = -2*z - 16, 2*z - 19 = n - c*n. Suppose 1590 = 2*x + 1490. What is the highest common factor of x and n?
5
Let j be 2598/90 - (4/(-50))/((-6)/(-10)). What is the greatest common divisor of 3712 and j?
29
Let s = -44 + 42. Let b be (1 - 3)/(s/(-5)). Let q = 25 + b. What is the greatest common factor of 8 and q?
4
Let a(w) = w**2 + 20*w + 10. Let l = 81 + -102. Let v be a(l). Calculate the highest common divisor of 341 and v.
31
Let y(n) = -489*n - 8234. Let z be y(-26). Calculate the greatest common divisor of z and 40.
40
Let d(c) = 24*c**2 - 20*c + 10. Let j be d(5). Suppose -i + 11*i - j = 0. Let s be -3 + 9/3 + 17. Calculate the highest common factor of i and s.
17
Let s be 849/(-3396) + (4134/8)/3. What is the greates